2 + 6*n**2 + 0*n**2 - 4. Give f(c).
-4
Let v(g) be the second derivative of -g + 4/3*g**3 - g**2 + 0 + 7/12*g**4 + 1/20*g**5. Let u be 7/(-1) + (1 - 0). Calculate v(u).
-14
Let g(u) = -5*u + 16. Let d(f) = 4*f - 13. Let z(l) = 6*d(l) + 5*g(l). What is z(-5)?
7
Let i be 7 + (-18)/(-2 - -5). Let z(x) = -2*x + 2 - 8*x**3 - 3 + 2 + x**2. Calculate z(i).
-8
Suppose 148*p + 25 = 153*p. Let l be 0/((-3)/((-6)/(-4))). Suppose -5*n - 2*v + 19 = l, 3*n + 5*v - p = -n. Let b(f) = f. Determine b(n).
5
Let r(u) be the first derivative of u**2/2 + 8*u - 67. Give r(-5).
3
Let r(t) = -t**3 + 3*t**2 - t. Let p be ((-2)/(-6))/((-1)/(-12)). Suppose 0 = p*n + 34 + 22. Let y = -12 - n. Give r(y).
2
Let m(p) = -p**3 - 4*p**2 - 5*p - 6. Suppose -2*k + 11 - 9 = 5*n, -2*k = 4*n. Calculate m(k).
14
Let y(x) be the third derivative of x**5/30 - 2*x**4/3 + 5*x**3/6 + 200*x**2. What is y(8)?
5
Let z(w) be the first derivative of 1/10*w**5 - 5 + 5/2*w**2 - 1/120*w**6 + 0*w + 0*w**4 + 1/6*w**3. Let f(v) be the second derivative of z(v). Give f(6).
1
Let p be (0 - -6)/(-3) - -3. Let c(w) = 2*w**2. Calculate c(p).
2
Let b be (3 - 12/(-3)) + -32 + 29. Let p(d) = d**2 - 10*d + 31. Determine p(b).
7
Let f = 116 + -116. Let b(q) be the second derivative of q**2 + 1/6*q**3 - 4*q + f. Give b(6).
8
Let i(z) be the first derivative of -z**4/4 - 5*z**3/3 + z**2 - 5*z - 19. Suppose -10*v + 67 - 127 = 0. What is i(v)?
19
Suppose -8*d = -4*d + 12. Let t(g) = -g + 5. Let b(j) = -3*j - 25. Let o be b(-11). Let v(z) = -3*z + 14. Let p(u) = d*v(u) + o*t(u). Calculate p(6).
4
Suppose i = -3*i + 92. Let d(m) = -2*m**3 + m + i*m**2 + 27*m**2 - 1 - 54*m**2. Calculate d(-3).
14
Let j = 7/344 + 151/1032. Let o(k) be the second derivative of 2*k**2 + 0 - k + j*k**3. Give o(-7).
-3
Let x(d) = -2*d**2 - 2*d**3 + 3*d**3 + 0*d**3 - 2*d + 6*d**2. Suppose -4*l = -5*g + 20, 14*l = 16*l - 3*g + 10. Determine x(l).
-15
Let n(k) = 2*k**2 + 2*k - 2. Let d be n(2). Let o be (6/d*-2)/((-9)/45). Let z(f) = -f**2 + f - 2. Let r(s) = s. Let t(g) = -3*r(g) - z(g). Calculate t(o).
14
Suppose -935*v = -938*v - 12. Let t(x) = -3*x + 3. Let n(y) = 4*y - 3. Let m(z) = 5*n(z) + 6*t(z). What is m(v)?
-5
Let x = 14 + -11. Let g(r) = -6 + 3 + 3*r + r - 1 - r**2. Let y be g(x). Let u(a) = 10*a**2 + a + 1. Determine u(y).
10
Let c(f) be the second derivative of f**3/6 + 23*f**2/2 - 81*f - 2. What is c(-14)?
9
Let a be (-4)/2 + (-4)/(-2). Suppose 26*n + 64 = 34*n. Let k(h) = n*h - 9*h - 7 + 2*h + 0. Give k(a).
-7
Let m(p) be the first derivative of -7*p**3/3 + 3*p**2 + 13*p + 8. Let f(g) = -4*g**2 + 3*g + 7. Let a(o) = 5*f(o) - 3*m(o). Give a(6).
14
Suppose 27*m - 7*m + 100 = 0. Let k(u) be the first derivative of -u**3/3 - 2*u**2 - 4*u - 29. Give k(m).
-9
Suppose -3*p = -4*b - 2, 8*b + 4*p = 4*b + 12. Let i(a) = -7*a**3 - a**2 + 3*a - 1. Calculate i(b).
-6
Let f(x) = -x + 16*x**2 - 113 - 12*x**2 + 113. Suppose -2*i = -1 - 1. Give f(i).
3
Let i(y) = -y**3 + 6*y**2 - 1. Suppose -2*s + 23 = -41. Let c = s - 28. Let k = 10 - c. Determine i(k).
-1
Let v(d) be the first derivative of -d**2/2 - d + 418. Let r be (4/(-6))/((-8)/60). What is v(r)?
-6
Let u(t) = -t**2 + 4*t - 3. Let v be (-819)/(-104) - 2/(-16). Determine u(v).
-35
Let r(z) = z**3 + z**2. Suppose 5*s = 2*s + 24. Let y be 27/(-6)*s/(-6). Suppose 0 = -y*u + u. What is r(u)?
0
Let g(a) = a**3 - 4*a**2 + 3*a - 6. Let r be g(3). Let t(l) = -3*l - 9. Calculate t(r).
9
Let t = 1110 + -1124. Let v(q) = q**2 + 15*q + 16. What is v(t)?
2
Suppose -18*d + 15*d = 33. Let g = d + 17. Let h(w) be the second derivative of w**3/6 - 4*w**2 - w. Calculate h(g).
-2
Let u(j) = 2*j + 7. Suppose 0 = m + 2*q - 6, -4 = -2*m - q + 5. Suppose 7*w + m = -45. Calculate u(w).
-7
Let z(l) = -l - 1. Let q = -112 - -179. Suppose 79 = 2*y + q. Give z(y).
-7
Let c(z) = -723 + 704 - 4*z + 10*z**2 - 9*z**2. Calculate c(6).
-7
Let n(s) = 8*s. Let v(k) = 101*k + 506. Let t be v(-5). What is n(t)?
8
Let r = 33 - -2. Let b = -38 + r. Let z(m) = -m**2 - 3*m + 1. Give z(b).
1
Let i(y) be the second derivative of y**4/12 - y**3/3 + y**2 - 6*y. Let z = -24 - -26. Give i(z).
2
Let g be ((-1)/(-2))/((-5)/10). Let i be (g - -4) + 5 - 0. Let c be 3/(0 + 12/i). Let a(u) = u**3 - 2*u**2 + 3*u - 3. Determine a(c).
3
Let q(w) = w**2 + w - 3. Suppose -18*r + 23*r + 20 = 0. Let a be 2/r + (-2)/(-4). Calculate q(a).
-3
Let f(y) = 4*y**2 - 3*y**2 + 10*y - 2*y**2 + 9. Give f(9).
18
Let v(g) = -24*g**2 + 12*g**2 + 236*g**3 - 237*g**3 + 13*g. What is v(-13)?
0
Let u(l) = -l**3 - 5*l**2 - l - 3. Let c be u(-5). Let j be (c/3)/(8/(-360)). Let m = j + 36. Let f(d) = -d**3 + 6*d**2 + d - 3. Calculate f(m).
3
Let o = 13 + -10. Let j(l) = -18 + l**2 - l**3 + 5*l + 13 + o*l**2. What is j(5)?
-5
Let d(s) = -3*s**3 + 0*s + 2*s**3 + 9*s**2 + 3 - s. Let g = -1057 - -1066. Give d(g).
-6
Let l(w) = -w**3 - 5*w**2 - 37*w - 257. Let h be l(-6). Suppose 3 = g - 0. Let j(k) = 4*k**3 - 16*k**3 - g*k**3 + 2*k - 1. Determine j(h).
-14
Let p(k) = k**2 + k - 2. Let z be 2*1/2*-1. Let u be z + 3 + -1 + 9. Suppose u*o - 5*o + 10 = 0. What is p(o)?
0
Let r(t) be the first derivative of t**4/4 - t**2/2 - 22. Let s(l) = 3*l**3 - 5*l**2 - 4*l + 6. Let p(f) = 2*r(f) - s(f). What is p(5)?
4
Let v(f) = 6*f + 1. Let j be ((-6)/12)/(-3 + (-20)/(-8)). Calculate v(j).
7
Let l = 111 - 104. Let a(d) = -d. Determine a(l).
-7
Let a(t) = t**2 + 7*t - 7. Let u = 1914 + -1922. Give a(u).
1
Let q(w) = -w + 1. Suppose 29*n + 29*n - 58 = 0. Determine q(n).
0
Let p = -12 + 18. Suppose -3*o + p*o = -24. Let q(g) be the third derivative of -g**6/120 - 2*g**5/15 - 5*g**3/6 + 2*g**2. Determine q(o).
-5
Suppose -3*w = -2*b + 11, -4*b + 14 = w - 1. Let f(v) be the third derivative of 0*v - 5*v**2 + 5/6*v**3 + 0 - 1/60*v**5 - 5/24*v**b. Give f(-6).
-1
Suppose -11*v - 195 = 2*v. Let b be (-7)/(-3)*(12 + v). Let p(x) = -x**3 - 8*x**2 - 8*x - 3. Give p(b).
4
Let c = -858 + 858. Let p(b) be the third derivative of 0 + c*b + 1/3*b**4 - 5/6*b**3 + 6*b**2 - 1/60*b**5. Give p(6).
7
Let i = 210 + -200. Let b(f) = 3*f - 34. What is b(i)?
-4
Let c(t) be the second derivative of -t**5/20 + 2*t**4/3 + t**3 + 13*t**2 - 2*t. Let l be c(9). Let z(y) = y - 1. What is z(l)?
-2
Let c(x) = -5*x**2 + 2*x - 3*x**2 + 14 + 4*x**2 + 3*x**2 + 2*x. Determine c(6).
2
Let l(j) = 3*j + j**3 - 6 + 5*j - j + 8*j**2. Let q = -1 - 6. Give l(q).
-6
Let z(w) = -8*w - 68. Let u be ((-8)/12)/((-6)/(-9)) - 7. What is z(u)?
-4
Let u(j) = -j**3 + 5*j**2 - 6*j + 1. Suppose -246 = 7*n + 370. Let m = n + 92. Give u(m).
-7
Let n(w) = 3*w**2 - 2*w - 1. Let q(v) = 7*v**2 - 5*v - 2. Let h(m) = 5*n(m) - 2*q(m). Suppose 1869*x - 1885*x + 16 = 0. Determine h(x).
0
Let d(u) = u - 1. Let j(k) = -k**2 - 10*k - 8. Let s(z) = -2*d(z) - j(z). Suppose 0 = -m - 0*m + 5. Suppose -10 = m*q + 30. Determine s(q).
10
Let z(h) = -3*h**2 + h + 1. Let n(b) = 2*b**3 - 14*b**2 + 11*b + 5. Let t be n(6). Determine z(t).
-3
Let t(p) = -6*p**3 - 3*p - 3*p + 7*p**3 + 4*p + 2*p**2. Calculate t(1).
1
Let v(a) = -2*a + 1. Let h(f) = f. Let x(n) = -5*h(n) - 2*v(n). Suppose -17 = 3*o - j + 3*j, 3*o + 3*j = -15. Give x(o).
5
Let l(w) = 1 + 0 + 3*w**2 - 3*w**2 + 8*w**2 + 2*w. Let v(c) = -c**2 - c - 1. Let n(u) = -l(u) - 4*v(u). Calculate n(-2).
-17
Let d(q) = -q**3 - 8*q**2 + 6*q - 31. Let u be d(-9). Let c(s) = s - 1. Give c(u).
-5
Let f(l) = -l**2 + l. Let d(c) = c**3 - 10*c**2 - 3*c + 5. Let o(p) = -d(p) + 5*f(p). Let a(w) = w**3 + 7*w**2 + 5*w. Let z be a(-6). Calculate o(z).
7
Let m = 6 + -4. Let o(c) = c**3 - 17*c**2 - 3 - 30*c**2 + 45*c**2 + 2*c. Calculate o(m).
1
Let l = 15 + -11. Let g(u) = 2 - 11 + u + 5. Give g(l).
0
Suppose -6 = 2*b - 14. Let g = -5 + 7. Let f(i) = 2*i**g - 6*i + 0 + 3 + 0*i. Give f(b).
11
Let c(f) = 10*f**2 - 8*f + 4. Suppose 13*m - 14*m = -4. Let y = m - 2. Let g(l) = 3*l**2 - 3*l + 1. Let w(a) = y*c(a) - 7*g(a). Give w(4).
5
Let k(h) be the second derivative of h**3/6 - 7*h**2 - 148*h. Calculate k(17).
3
Let k = 303 - 296. Let h(r) be the first derivative of -5*r - k + 1/2*r**2. Give h(3).
-2
Let q(d) be the second derivative of -2/3*d**3 - 1/10*d**5 + 3*d**2 + 1/120*d**6 - 1/4*d**4 + 0 - 7*d. Let s(t) be the first derivative of q(t). Give s(7).
3
Let z(x) be the third derivative of -x**5/60 - x**4/3 + 4*x**3/3 - 13*x**2 